{"id":246,"date":"2026-03-15T22:37:08","date_gmt":"2026-03-15T22:37:08","guid":{"rendered":"https:\/\/www.resinstal.pl\/?page_id=246"},"modified":"2026-03-16T22:37:12","modified_gmt":"2026-03-16T22:37:12","slug":"o-firmie","status":"publish","type":"page","link":"https:\/\/www.resinstal.pl\/index.php\/o-firmie\/","title":{"rendered":"O firmie"},"content":{"rendered":"\t\t<div data-elementor-type=\"wp-page\" data-elementor-id=\"246\" class=\"elementor elementor-246\">\n\t\t\t\t\t\t<section class=\"elementor-section elementor-top-section elementor-element elementor-element-efdb101 elementor-section-boxed elementor-section-height-default elementor-section-height-default\" data-id=\"efdb101\" data-element_type=\"section\" data-e-type=\"section\">\n\t\t\t\t\t\t<div class=\"elementor-container elementor-column-gap-default\">\n\t\t\t\t\t<div class=\"elementor-column elementor-col-100 elementor-top-column elementor-element elementor-element-3c2c42a\" data-id=\"3c2c42a\" data-element_type=\"column\" data-e-type=\"column\">\n\t\t\t<div class=\"elementor-widget-wrap elementor-element-populated\">\n\t\t\t\t\t\t<section class=\"elementor-section elementor-inner-section elementor-element elementor-element-116fabb elementor-section-boxed elementor-section-height-default elementor-section-height-default\" data-id=\"116fabb\" data-element_type=\"section\" data-e-type=\"section\">\n\t\t\t\t\t\t<div class=\"elementor-container elementor-column-gap-default\">\n\t\t\t\t\t<div class=\"elementor-column elementor-col-50 elementor-inner-column elementor-element elementor-element-577c869\" data-id=\"577c869\" data-element_type=\"column\" data-e-type=\"column\" data-settings=\"{&quot;background_background&quot;:&quot;classic&quot;}\">\n\t\t\t<div class=\"elementor-widget-wrap elementor-element-populated\">\n\t\t\t\t\t\t<div class=\"elementor-element elementor-element-d223d93 elementor-widget elementor-widget-text-editor\" data-id=\"d223d93\" data-element_type=\"widget\" data-e-type=\"widget\" data-widget_type=\"text-editor.default\">\n\t\t\t\t<div class=\"elementor-widget-container\">\n\t\t\t\t\t\t\t\t\t<h3>Firma\u00a0<b data-path-to-node=\"4\" data-index-in-node=\"6\">RES instal Sp. z o.o.<\/b>\u00a0specjalizuje si\u0119 w \u015bwiadczeniu profesjonalnych us\u0142ug instalacyjnych oraz in\u017cynieryjnych dla szerokiego grona odbiorc\u00f3w, w tym inwestor\u00f3w prywatnych, przedsi\u0119biorstw oraz instytucji sektora publicznego. Nasza oferta obejmuje kompleksowy zakres rozwi\u0105za\u0144 w obszarze techniki grzewczej, sanitarnej oraz nowoczesnych system\u00f3w odwodnie\u0144, kt\u00f3re wspieraj\u0105 naszych klient\u00f3w w budowie trwa\u0142ych i bezpiecznych obiekt\u00f3w.<\/h3>\t\t\t\t\t\t\t\t<\/div>\n\t\t\t\t<\/div>\n\t\t\t\t\t<\/div>\n\t\t<\/div>\n\t\t\t\t<div class=\"elementor-column elementor-col-50 elementor-inner-column elementor-element elementor-element-5214d37\" data-id=\"5214d37\" data-element_type=\"column\" data-e-type=\"column\">\n\t\t\t<div class=\"elementor-widget-wrap elementor-element-populated\">\n\t\t\t\t\t\t<div class=\"elementor-element elementor-element-d9a84ba elementor-widget__width-initial elementor-widget elementor-widget-image\" data-id=\"d9a84ba\" data-element_type=\"widget\" data-e-type=\"widget\" data-widget_type=\"image.default\">\n\t\t\t\t<div class=\"elementor-widget-container\">\n\t\t\t\t\t\t\t\t\t\t\t\t\t\t\t<img fetchpriority=\"high\" decoding=\"async\" width=\"768\" height=\"512\" src=\"https:\/\/www.resinstal.pl\/wp-content\/uploads\/2026\/03\/grafika-o-firmie-768x512.webp\" class=\"attachment-medium_large size-medium_large wp-image-249\" alt=\"\" srcset=\"http:\/\/www.resinstal.pl\/wp-content\/uploads\/2026\/03\/grafika-o-firmie-768x512.webp 768w, http:\/\/www.resinstal.pl\/wp-content\/uploads\/2026\/03\/grafika-o-firmie-300x200.webp 300w, http:\/\/www.resinstal.pl\/wp-content\/uploads\/2026\/03\/grafika-o-firmie.webp 888w\" sizes=\"(max-width: 768px) 100vw, 768px\" \/>\t\t\t\t\t\t\t\t\t\t\t\t\t\t\t<\/div>\n\t\t\t\t<\/div>\n\t\t\t\t\t<\/div>\n\t\t<\/div>\n\t\t\t\t\t<\/div>\n\t\t<\/section>\n\t\t\t\t\t<\/div>\n\t\t<\/div>\n\t\t\t\t\t<\/div>\n\t\t<\/section>\n\t\t\t\t<section class=\"elementor-section elementor-top-section elementor-element elementor-element-ffc4f0b elementor-section-boxed elementor-section-height-default elementor-section-height-default\" data-id=\"ffc4f0b\" data-element_type=\"section\" data-e-type=\"section\">\n\t\t\t\t\t\t<div class=\"elementor-container elementor-column-gap-default\">\n\t\t\t\t\t<div class=\"elementor-column elementor-col-100 elementor-top-column elementor-element elementor-element-fcfbe06\" data-id=\"fcfbe06\" data-element_type=\"column\" data-e-type=\"column\">\n\t\t\t<div class=\"elementor-widget-wrap elementor-element-populated\">\n\t\t\t\t\t\t<div class=\"elementor-element elementor-element-5f230d1 elementor-widget elementor-widget-spacer\" data-id=\"5f230d1\" data-element_type=\"widget\" data-e-type=\"widget\" data-widget_type=\"spacer.default\">\n\t\t\t\t<div class=\"elementor-widget-container\">\n\t\t\t\t\t\t\t<div class=\"elementor-spacer\">\n\t\t\t<div class=\"elementor-spacer-inner\"><\/div>\n\t\t<\/div>\n\t\t\t\t\t\t<\/div>\n\t\t\t\t<\/div>\n\t\t\t\t\t<\/div>\n\t\t<\/div>\n\t\t\t\t\t<\/div>\n\t\t<\/section>\n\t\t\t\t<section class=\"elementor-section elementor-top-section elementor-element elementor-element-05ed9ce elementor-section-boxed elementor-section-height-default elementor-section-height-default\" data-id=\"05ed9ce\" data-element_type=\"section\" data-e-type=\"section\">\n\t\t\t\t\t\t<div class=\"elementor-container elementor-column-gap-default\">\n\t\t\t\t\t<div class=\"elementor-column elementor-col-100 elementor-top-column elementor-element elementor-element-ba3d9f2\" data-id=\"ba3d9f2\" data-element_type=\"column\" data-e-type=\"column\">\n\t\t\t<div class=\"elementor-widget-wrap elementor-element-populated\">\n\t\t\t\t\t\t<div class=\"elementor-element elementor-element-3ebb296 elementor-widget elementor-widget-heading\" data-id=\"3ebb296\" data-element_type=\"widget\" data-e-type=\"widget\" data-widget_type=\"heading.default\">\n\t\t\t\t<div class=\"elementor-widget-container\">\n\t\t\t\t\t<h2 class=\"elementor-heading-title elementor-size-default\">Nasze Us\u0142ugi<\/h2>\t\t\t\t<\/div>\n\t\t\t\t<\/div>\n\t\t\t\t\t<\/div>\n\t\t<\/div>\n\t\t\t\t\t<\/div>\n\t\t<\/section>\n\t\t\t\t<section class=\"elementor-section elementor-top-section elementor-element elementor-element-bf50655 elementor-section-boxed elementor-section-height-default elementor-section-height-default\" data-id=\"bf50655\" data-element_type=\"section\" data-e-type=\"section\">\n\t\t\t\t\t\t<div class=\"elementor-container elementor-column-gap-default\">\n\t\t\t\t\t<div class=\"elementor-column elementor-col-100 elementor-top-column elementor-element elementor-element-857795b\" data-id=\"857795b\" data-element_type=\"column\" data-e-type=\"column\">\n\t\t\t<div class=\"elementor-widget-wrap elementor-element-populated\">\n\t\t\t\t\t\t<section class=\"elementor-section elementor-inner-section elementor-element elementor-element-5372ac9 elementor-section-boxed elementor-section-height-default elementor-section-height-default\" data-id=\"5372ac9\" data-element_type=\"section\" data-e-type=\"section\">\n\t\t\t\t\t\t<div class=\"elementor-container elementor-column-gap-default\">\n\t\t\t\t\t<div class=\"elementor-column elementor-col-50 elementor-inner-column elementor-element elementor-element-9771b33\" data-id=\"9771b33\" data-element_type=\"column\" data-e-type=\"column\">\n\t\t\t<div class=\"elementor-widget-wrap elementor-element-populated\">\n\t\t\t\t\t\t<div class=\"elementor-element elementor-element-a81b9cd elementor-widget elementor-widget-text-editor\" data-id=\"a81b9cd\" data-element_type=\"widget\" data-e-type=\"widget\" data-widget_type=\"text-editor.default\">\n\t\t\t\t<div class=\"elementor-widget-container\">\n\t\t\t\t\t\t\t\t\t<h4>Instalacje Sanitarne i Grzewcze<\/h4>\t\t\t\t\t\t\t\t<\/div>\n\t\t\t\t<\/div>\n\t\t\t\t<div class=\"elementor-element elementor-element-c069e65 elementor-widget__width-initial elementor-widget elementor-widget-text-editor\" data-id=\"c069e65\" data-element_type=\"widget\" data-e-type=\"widget\" data-widget_type=\"text-editor.default\">\n\t\t\t\t<div class=\"elementor-widget-container\">\n\t\t\t\t\t\t\t\t\t<p>Zapewniamy kompleksowe rozwi\u0105zania w zakresie techniki instalacyjnej, kt\u00f3re gwarantuj\u0105 niezawodno\u015b\u0107 oraz optymalne zu\u017cycie energii w ka\u017cdym budynku.<\/p>\t\t\t\t\t\t\t\t<\/div>\n\t\t\t\t<\/div>\n\t\t\t\t<div class=\"elementor-element elementor-element-2c2ece7 elementor-widget__width-initial elementor-widget elementor-widget-html\" data-id=\"2c2ece7\" data-element_type=\"widget\" data-e-type=\"widget\" data-widget_type=\"html.default\">\n\t\t\t\t<div class=\"elementor-widget-container\">\n\t\t\t\t\t<ul>\n    <li>Projektowanie i monta\u017c instalacji wodno-kanalizacyjnych<\/li>\n    <li>Systemy centralnego ogrzewania i kot\u0142ownie<\/li>\n    <li>Monta\u017c nowoczesnych system\u00f3w klimatyzacji<\/li>   \n    <li>Dob\u00f3r i instalacja pomp ciep\u0142a<\/li>\t\t\t\t<\/div>\n\t\t\t\t<\/div>\n\t\t\t\t\t<\/div>\n\t\t<\/div>\n\t\t\t\t<div class=\"elementor-column elementor-col-50 elementor-inner-column elementor-element elementor-element-c66c3aa\" data-id=\"c66c3aa\" data-element_type=\"column\" data-e-type=\"column\">\n\t\t\t<div class=\"elementor-widget-wrap elementor-element-populated\">\n\t\t\t\t\t\t<div class=\"elementor-element elementor-element-ba7672e elementor-widget elementor-widget-image\" data-id=\"ba7672e\" data-element_type=\"widget\" data-e-type=\"widget\" data-widget_type=\"image.default\">\n\t\t\t\t<div class=\"elementor-widget-container\">\n\t\t\t\t\t\t\t\t\t\t\t\t\t\t\t<img decoding=\"async\" width=\"768\" height=\"576\" src=\"https:\/\/www.resinstal.pl\/wp-content\/uploads\/2026\/03\/grafika-instalacja-768x576.webp\" class=\"attachment-medium_large size-medium_large wp-image-256\" alt=\"\" srcset=\"http:\/\/www.resinstal.pl\/wp-content\/uploads\/2026\/03\/grafika-instalacja-768x576.webp 768w, http:\/\/www.resinstal.pl\/wp-content\/uploads\/2026\/03\/grafika-instalacja-300x225.webp 300w, http:\/\/www.resinstal.pl\/wp-content\/uploads\/2026\/03\/grafika-instalacja.webp 940w\" sizes=\"(max-width: 768px) 100vw, 768px\" \/>\t\t\t\t\t\t\t\t\t\t\t\t\t\t\t<\/div>\n\t\t\t\t<\/div>\n\t\t\t\t\t<\/div>\n\t\t<\/div>\n\t\t\t\t\t<\/div>\n\t\t<\/section>\n\t\t\t\t\t<\/div>\n\t\t<\/div>\n\t\t\t\t\t<\/div>\n\t\t<\/section>\n\t\t\t\t<section class=\"elementor-section elementor-top-section elementor-element elementor-element-c204f83 elementor-section-boxed elementor-section-height-default elementor-section-height-default\" data-id=\"c204f83\" data-element_type=\"section\" data-e-type=\"section\">\n\t\t\t\t\t\t<div class=\"elementor-container elementor-column-gap-default\">\n\t\t\t\t\t<div class=\"elementor-column elementor-col-100 elementor-top-column elementor-element elementor-element-a4f3063\" data-id=\"a4f3063\" data-element_type=\"column\" data-e-type=\"column\">\n\t\t\t<div class=\"elementor-widget-wrap elementor-element-populated\">\n\t\t\t\t\t\t<div class=\"elementor-element elementor-element-d717c75 elementor-widget-divider--view-line elementor-widget elementor-widget-divider\" data-id=\"d717c75\" data-element_type=\"widget\" data-e-type=\"widget\" data-widget_type=\"divider.default\">\n\t\t\t\t<div class=\"elementor-widget-container\">\n\t\t\t\t\t\t\t<div class=\"elementor-divider\">\n\t\t\t<span class=\"elementor-divider-separator\">\n\t\t\t\t\t\t<\/span>\n\t\t<\/div>\n\t\t\t\t\t\t<\/div>\n\t\t\t\t<\/div>\n\t\t\t\t\t<\/div>\n\t\t<\/div>\n\t\t\t\t\t<\/div>\n\t\t<\/section>\n\t\t\t\t<section class=\"elementor-section elementor-top-section elementor-element elementor-element-7f63b5d elementor-section-boxed elementor-section-height-default elementor-section-height-default\" data-id=\"7f63b5d\" data-element_type=\"section\" data-e-type=\"section\">\n\t\t\t\t\t\t<div class=\"elementor-container elementor-column-gap-default\">\n\t\t\t\t\t<div class=\"elementor-column elementor-col-100 elementor-top-column elementor-element elementor-element-b738f7f\" data-id=\"b738f7f\" data-element_type=\"column\" data-e-type=\"column\">\n\t\t\t<div class=\"elementor-widget-wrap elementor-element-populated\">\n\t\t\t\t\t\t<section class=\"elementor-section elementor-inner-section elementor-element elementor-element-ff2180d elementor-section-boxed elementor-section-height-default elementor-section-height-default\" data-id=\"ff2180d\" data-element_type=\"section\" data-e-type=\"section\">\n\t\t\t\t\t\t<div class=\"elementor-container elementor-column-gap-default\">\n\t\t\t\t\t<div class=\"elementor-column elementor-col-50 elementor-inner-column elementor-element elementor-element-c171ca4\" data-id=\"c171ca4\" data-element_type=\"column\" data-e-type=\"column\">\n\t\t\t<div class=\"elementor-widget-wrap elementor-element-populated\">\n\t\t\t\t\t\t<div class=\"elementor-element elementor-element-295508f elementor-widget elementor-widget-text-editor\" data-id=\"295508f\" data-element_type=\"widget\" data-e-type=\"widget\" data-widget_type=\"text-editor.default\">\n\t\t\t\t<div class=\"elementor-widget-container\">\n\t\t\t\t\t\t\t\t\t<h4>In\u017cynieria Odwodnie\u0144 i Roboty Ziemne<\/h4>\t\t\t\t\t\t\t\t<\/div>\n\t\t\t\t<\/div>\n\t\t\t\t<div class=\"elementor-element elementor-element-e7f1489 elementor-widget__width-initial elementor-widget elementor-widget-text-editor\" data-id=\"e7f1489\" data-element_type=\"widget\" data-e-type=\"widget\" data-widget_type=\"text-editor.default\">\n\t\t\t\t<div class=\"elementor-widget-container\">\n\t\t\t\t\t\t\t\t\t<p>Specjalizujemy si\u0119 w zaawansowanych systemach odprowadzania w\u00f3d opadowych, chroni\u0105c obiekty przed skutkami podtopie\u0144 i nadmiern\u0105 wilgoci\u0105.<\/p>\t\t\t\t\t\t\t\t<\/div>\n\t\t\t\t<\/div>\n\t\t\t\t<div class=\"elementor-element elementor-element-0a6aeb8 elementor-widget__width-initial elementor-widget elementor-widget-html\" data-id=\"0a6aeb8\" data-element_type=\"widget\" data-e-type=\"widget\" data-widget_type=\"html.default\">\n\t\t\t\t<div class=\"elementor-widget-container\">\n\t\t\t\t\t<ul>\n    <li>Budowa system\u00f3w odwodnie\u0144 liniowych i punktowych<\/li>\n    <li>Projektowanie drena\u017cy opaskowych wok\u00f3\u0142 budynk\u00f3w<\/li>\n    <li>Wykonawstwo przy\u0142\u0105czy kanalizacji deszczowej<\/li>\n    <li>Specjalistyczne roboty ziemne pod infrastruktur\u0119 instalacyjn\u0105<\/li>\n    \n    <\/ul>\t\t\t\t<\/div>\n\t\t\t\t<\/div>\n\t\t\t\t\t<\/div>\n\t\t<\/div>\n\t\t\t\t<div class=\"elementor-column elementor-col-50 elementor-inner-column elementor-element elementor-element-a28e61a\" data-id=\"a28e61a\" data-element_type=\"column\" data-e-type=\"column\">\n\t\t\t<div class=\"elementor-widget-wrap elementor-element-populated\">\n\t\t\t\t\t\t<div class=\"elementor-element elementor-element-eb5c7aa elementor-widget elementor-widget-image\" data-id=\"eb5c7aa\" data-element_type=\"widget\" data-e-type=\"widget\" data-widget_type=\"image.default\">\n\t\t\t\t<div class=\"elementor-widget-container\">\n\t\t\t\t\t\t\t\t\t\t\t\t\t\t\t<img decoding=\"async\" width=\"800\" height=\"534\" src=\"https:\/\/www.resinstal.pl\/wp-content\/uploads\/2026\/03\/grafika-odwodnienie-1024x684.webp\" class=\"attachment-large size-large wp-image-258\" alt=\"\" srcset=\"http:\/\/www.resinstal.pl\/wp-content\/uploads\/2026\/03\/grafika-odwodnienie-1024x684.webp 1024w, http:\/\/www.resinstal.pl\/wp-content\/uploads\/2026\/03\/grafika-odwodnienie-300x200.webp 300w, http:\/\/www.resinstal.pl\/wp-content\/uploads\/2026\/03\/grafika-odwodnienie-768x513.webp 768w, http:\/\/www.resinstal.pl\/wp-content\/uploads\/2026\/03\/grafika-odwodnienie.webp 1100w\" sizes=\"(max-width: 800px) 100vw, 800px\" \/>\t\t\t\t\t\t\t\t\t\t\t\t\t\t\t<\/div>\n\t\t\t\t<\/div>\n\t\t\t\t\t<\/div>\n\t\t<\/div>\n\t\t\t\t\t<\/div>\n\t\t<\/section>\n\t\t\t\t\t<\/div>\n\t\t<\/div>\n\t\t\t\t\t<\/div>\n\t\t<\/section>\n\t\t\t\t<section class=\"elementor-section elementor-top-section elementor-element elementor-element-58875d3 elementor-section-boxed elementor-section-height-default elementor-section-height-default\" data-id=\"58875d3\" data-element_type=\"section\" data-e-type=\"section\">\n\t\t\t\t\t\t<div class=\"elementor-container elementor-column-gap-default\">\n\t\t\t\t\t<div class=\"elementor-column elementor-col-100 elementor-top-column elementor-element elementor-element-ebd60cc\" data-id=\"ebd60cc\" data-element_type=\"column\" data-e-type=\"column\">\n\t\t\t<div class=\"elementor-widget-wrap elementor-element-populated\">\n\t\t\t\t\t\t<div class=\"elementor-element elementor-element-eb7b0e0 elementor-widget-divider--view-line elementor-widget elementor-widget-divider\" data-id=\"eb7b0e0\" data-element_type=\"widget\" data-e-type=\"widget\" data-widget_type=\"divider.default\">\n\t\t\t\t<div class=\"elementor-widget-container\">\n\t\t\t\t\t\t\t<div class=\"elementor-divider\">\n\t\t\t<span class=\"elementor-divider-separator\">\n\t\t\t\t\t\t<\/span>\n\t\t<\/div>\n\t\t\t\t\t\t<\/div>\n\t\t\t\t<\/div>\n\t\t\t\t\t<\/div>\n\t\t<\/div>\n\t\t\t\t\t<\/div>\n\t\t<\/section>\n\t\t\t\t<section class=\"elementor-section elementor-top-section elementor-element elementor-element-b844b35 elementor-section-boxed elementor-section-height-default elementor-section-height-default\" data-id=\"b844b35\" data-element_type=\"section\" data-e-type=\"section\">\n\t\t\t\t\t\t<div class=\"elementor-container elementor-column-gap-default\">\n\t\t\t\t\t<div class=\"elementor-column elementor-col-100 elementor-top-column elementor-element elementor-element-c28a2e1\" data-id=\"c28a2e1\" data-element_type=\"column\" data-e-type=\"column\">\n\t\t\t<div class=\"elementor-widget-wrap elementor-element-populated\">\n\t\t\t\t\t\t<section class=\"elementor-section elementor-inner-section elementor-element elementor-element-9c00ec0 elementor-section-boxed elementor-section-height-default elementor-section-height-default\" data-id=\"9c00ec0\" data-element_type=\"section\" data-e-type=\"section\">\n\t\t\t\t\t\t<div class=\"elementor-container elementor-column-gap-default\">\n\t\t\t\t\t<div class=\"elementor-column elementor-col-50 elementor-inner-column elementor-element elementor-element-d82cc70\" data-id=\"d82cc70\" data-element_type=\"column\" data-e-type=\"column\">\n\t\t\t<div class=\"elementor-widget-wrap elementor-element-populated\">\n\t\t\t\t\t\t<div class=\"elementor-element elementor-element-c62bac9 elementor-widget elementor-widget-text-editor\" data-id=\"c62bac9\" data-element_type=\"widget\" data-e-type=\"widget\" data-widget_type=\"text-editor.default\">\n\t\t\t\t<div class=\"elementor-widget-container\">\n\t\t\t\t\t\t\t\t\t<h4>Zintegrowane Systemy Monitoringu i IT<\/h4>\t\t\t\t\t\t\t\t<\/div>\n\t\t\t\t<\/div>\n\t\t\t\t<div class=\"elementor-element elementor-element-204de85 elementor-widget__width-initial elementor-widget elementor-widget-text-editor\" data-id=\"204de85\" data-element_type=\"widget\" data-e-type=\"widget\" data-widget_type=\"text-editor.default\">\n\t\t\t\t<div class=\"elementor-widget-container\">\n\t\t\t\t\t\t\t\t\t<p>\u0141\u0105czymy klasyczn\u0105 in\u017cynieri\u0119 z nowoczesn\u0105 technologi\u0105,<span style=\"font-size: 1rem;\">\u00a0<\/span><span style=\"font-size: 1rem;\">dostarczaj\u0105c systemy nadzoru zapewniaj\u0105ce pe\u0142ne bezpiecze\u0144stwo obiektu.<\/span><\/p>\t\t\t\t\t\t\t\t<\/div>\n\t\t\t\t<\/div>\n\t\t\t\t<div class=\"elementor-element elementor-element-82a7b94 elementor-widget__width-initial elementor-widget elementor-widget-html\" data-id=\"82a7b94\" data-element_type=\"widget\" data-e-type=\"widget\" data-widget_type=\"html.default\">\n\t\t\t\t<div class=\"elementor-widget-container\">\n\t\t\t\t\t<ul>\n    <li>Monta\u017c system\u00f3w monitoringu wizyjnego IP (CCTV)<\/li>\n    <li>Budowa strukturalnych sieci komputerowych<\/li>\n    <li>Wdra\u017canie system\u00f3w kontroli dost\u0119pu<\/li>\n    <li>Integracja automatyki budynkowej (Smart Building)<\/li>\n    <\/ul>\t\t\t\t<\/div>\n\t\t\t\t<\/div>\n\t\t\t\t\t<\/div>\n\t\t<\/div>\n\t\t\t\t<div class=\"elementor-column elementor-col-50 elementor-inner-column elementor-element elementor-element-84561f7\" data-id=\"84561f7\" data-element_type=\"column\" data-e-type=\"column\">\n\t\t\t<div class=\"elementor-widget-wrap elementor-element-populated\">\n\t\t\t\t\t\t<div class=\"elementor-element elementor-element-0f423f0 elementor-widget elementor-widget-image\" data-id=\"0f423f0\" data-element_type=\"widget\" data-e-type=\"widget\" data-widget_type=\"image.default\">\n\t\t\t\t<div class=\"elementor-widget-container\">\n\t\t\t\t\t\t\t\t\t\t\t\t\t\t\t<img loading=\"lazy\" decoding=\"async\" width=\"800\" height=\"543\" src=\"https:\/\/www.resinstal.pl\/wp-content\/uploads\/2026\/03\/grafika-monitorig.webp\" class=\"attachment-large size-large wp-image-259\" alt=\"\" srcset=\"http:\/\/www.resinstal.pl\/wp-content\/uploads\/2026\/03\/grafika-monitorig.webp 1000w, http:\/\/www.resinstal.pl\/wp-content\/uploads\/2026\/03\/grafika-monitorig-300x204.webp 300w, http:\/\/www.resinstal.pl\/wp-content\/uploads\/2026\/03\/grafika-monitorig-768x521.webp 768w\" sizes=\"(max-width: 800px) 100vw, 800px\" \/>\t\t\t\t\t\t\t\t\t\t\t\t\t\t\t<\/div>\n\t\t\t\t<\/div>\n\t\t\t\t\t<\/div>\n\t\t<\/div>\n\t\t\t\t\t<\/div>\n\t\t<\/section>\n\t\t\t\t\t<\/div>\n\t\t<\/div>\n\t\t\t\t\t<\/div>\n\t\t<\/section>\n\t\t\t\t<\/div>\n\t\t","protected":false},"excerpt":{"rendered":"<p>Firma\u00a0RES instal Sp. z o.o.\u00a0specjalizuje si\u0119 w \u015bwiadczeniu profesjonalnych us\u0142ug instalacyjnych oraz in\u017cynieryjnych dla szerokiego grona odbiorc\u00f3w, w tym inwestor\u00f3w prywatnych, przedsi\u0119biorstw oraz instytucji sektora publicznego. Nasza oferta obejmuje kompleksowy zakres rozwi\u0105za\u0144 w obszarze techniki grzewczej, sanitarnej oraz nowoczesnych system\u00f3w odwodnie\u0144, kt\u00f3re wspieraj\u0105 naszych klient\u00f3w w budowie trwa\u0142ych i bezpiecznych obiekt\u00f3w. Nasze Us\u0142ugi Instalacje Sanitarne [&hellip;]<\/p>\n","protected":false},"author":2,"featured_media":0,"parent":0,"menu_order":0,"comment_status":"closed","ping_status":"closed","template":"elementor_header_footer","meta":{"footnotes":""},"class_list":["post-246","page","type-page","status-publish","hentry"],"_links":{"self":[{"href":"https:\/\/www.resinstal.pl\/index.php\/wp-json\/wp\/v2\/pages\/246","targetHints":{"allow":["GET"]}}],"collection":[{"href":"https:\/\/www.resinstal.pl\/index.php\/wp-json\/wp\/v2\/pages"}],"about":[{"href":"https:\/\/www.resinstal.pl\/index.php\/wp-json\/wp\/v2\/types\/page"}],"author":[{"embeddable":true,"href":"https:\/\/www.resinstal.pl\/index.php\/wp-json\/wp\/v2\/users\/2"}],"replies":[{"embeddable":true,"href":"https:\/\/www.resinstal.pl\/index.php\/wp-json\/wp\/v2\/comments?post=246"}],"version-history":[{"count":35,"href":"https:\/\/www.resinstal.pl\/index.php\/wp-json\/wp\/v2\/pages\/246\/revisions"}],"predecessor-version":[{"id":288,"href":"https:\/\/www.resinstal.pl\/index.php\/wp-json\/wp\/v2\/pages\/246\/revisions\/288"}],"wp:attachment":[{"href":"https:\/\/www.resinstal.pl\/index.php\/wp-json\/wp\/v2\/media?parent=246"}],"curies":[{"name":"wp","href":"https:\/\/api.w.org\/{rel}","templated":true}]}}